the first derivative of 0*m + 3*m**2 + 7 + 1/3*m**3. Let j(c) = -c**2 + c + 1. Let d be j(3). Calculate v(d).
-5
Suppose 98*l - 95*l + 15 = 0. Let j(v) = -3*v - 1 - 4*v + 5*v. Determine j(l).
9
Let p be (18/(-15))/((-9)/570) - -2. Let n = p + -77. Let u(l) = 6*l**2. Give u(n).
6
Let a(z) be the first derivative of -z**5/60 + 7*z**4/24 - z**3 - 15*z**2/2 - z - 30. Let i(s) be the second derivative of a(s). Give i(6).
0
Let g(f) be the first derivative of -3*f - 8 - 1/2*f**2. Give g(-5).
2
Let c(x) be the third derivative of x**5/60 + x**4/4 - 5*x**3/3 + 184*x**2. Suppose 2*y = y - 7. What is c(y)?
-3
Let m(z) = 110*z - 15. Let r be m(0). Let b(l) = l**2 + 14*l - 7. What is b(r)?
8
Let x(j) = -5*j**2 - 20*j + 7. Let t(c) = 4*c**2 + 19*c - 6. Let p(o) = 6*t(o) + 5*x(o). Calculate p(14).
-1
Let i(h) = -11*h + 8*h**2 - 7*h**2 - 2*h**2 - 2*h**2 + 9 - 13*h**3. Let q(z) = 7*z**3 + 2*z**2 + 6*z - 5. Let s(w) = 6*i(w) + 11*q(w). Determine s(4).
-1
Let t(s) = -s - 4. Let m = -6 - 19. Let w = m - -22. What is t(w)?
-1
Let h = -10 + 6. Suppose 3 + 1 = 2*w. Let b(a) = -8*a**2 + a**3 - 2*a**3 + 5 + 4*a**w - 9. Determine b(h).
-4
Let o(d) = 2*d**2 - 4*d**2 + 55*d**3 - 46*d**3 + 1. Let z be o(-1). Let g(b) = b**3 + 10*b**2 - b - 11. Give g(z).
-1
Suppose 2*q = 4*k + 28, 4*k + 60*q = 65*q - 28. Let d(c) be the third derivative of c**4/24 - 10*c**2. Determine d(k).
-7
Let g(b) = 3*b - 5. Let u(o) = -17*o**2 - 1. Let c be u(1). Let m = -15 - c. Let y(j) = j**2 - 3*j + 4. Let p be y(m). What is g(p)?
7
Let f(y) = 6*y**2 + y - 1. Let u(d) = -d**3 + 5*d**2 - 3*d - 3. Let p be (-10)/(-4) - (3 + (-45)/10). Let w be u(p). Determine f(w).
6
Let l(o) = o. Let p(x) be the first derivative of -1/2*x**2 + 6*x - 9. Let w be p(12). Determine l(w).
-6
Let c(t) be the third derivative of t**5/60 + 3*t**4/8 - 4*t**3/3 - 331*t**2. What is c(-9)?
-8
Let v be -3*10/(-15) + 0. Let k(c) = -6 + c**v - 4*c + 3 + 5. Let x(i) = -i - 2. Let m be x(-6). Determine k(m).
2
Let p(k) = k**3 - 8*k**2 - 6*k - 4. Suppose 0 = -1181*v + 1176*v + 45. Calculate p(v).
23
Let v(k) = 4*k - 8. Let w(d) = -3*d + 8. Let c(q) = 2*v(q) + 3*w(q). Suppose -3*n + 2*n - 99 = 0. Let a = n - -106. What is c(a)?
1
Let d(t) = -6*t**2 - 2*t - 1. Let a = -64 - -93. Let f = 28 - a. Give d(f).
-5
Let o be -4 + 1 - (2/(-1) + 4). Let p(b) = -b**3 - 5*b**2 - b. Calculate p(o).
5
Let c(h) = -h**3 - 6*h**2 - 6*h + 1. Let g(o) = 4*o**3 + 18*o**2 + 20*o - 3. Let t(i) = 7*c(i) + 2*g(i). Determine t(6).
-11
Let q(k) = k**3 - 14*k**2 - k - 11. Let m = 393 + -379. Determine q(m).
-25
Let a = -40 + 43. Let l(p) be the first derivative of -p**3/3 + p**2 + p - 9. Calculate l(a).
-2
Let j(c) be the first derivative of -c**3/3 + 5*c**2/2 + 3*c - 1. Suppose 3*o + o = 16*o. Let v be 2 - (o + 8/(-2)). Give j(v).
-3
Let d(k) = -k**3 - 4*k**2 + 3*k - 9. Suppose -374*w - 85 = -357*w. Give d(w).
1
Let d = 40 - 43. Let y(j) = -2*j - 9. Calculate y(d).
-3
Let f(w) = 4*w**2 + 4*w + 10. Let m be f(4). Let c be 290/m + (-6)/27. Let p(y) = -2*y**2 + 2*y - 4. Give p(c).
-16
Let y = -9 + 4. Let n be (-6)/15*(2 - 7). Let z(g) = g**3 + 3*g + 3*g + 7 + 14*g**n - 8*g**2. Give z(y).
2
Let k(i) = -i**3 + 2*i**2 - 1. Suppose -5*h = -10*h - 30. Let x be 35/21 + 4/h. Let w be x/(0 + 4/4). Determine k(w).
0
Let k(n) = -32*n + 52*n + 19 + n**2 - 26*n. Determine k(5).
14
Let b(t) = t + 14. Let p be b(-11). Let g(y) = y**2 - y + 3*y**3 + p - 2*y**3 - 6 - 3. Suppose -6 = -3*o - 3*f - 0*f, -4*o + 4*f - 8 = 0. Calculate g(o).
-6
Suppose 4*f - 11 = 5. Let z be (162/36)/((-3)/(-2)). Let b(c) = 2*c + 4*c**2 + 19*c**3 - 2*c - 20*c**z + 4*c - 3. Give b(f).
13
Suppose 33*k - 37*k = -8. Let x(q) = -2 - 7 + 7 + q**k. Calculate x(4).
14
Let v be ((-456)/(-36))/((-2)/(-6)). Suppose b = 5*b + 5*z - v, -b - 1 = -4*z. Let o(r) = r - 16. Determine o(b).
-9
Let n(t) = -t**2 - 7*t + 16 - 5 - 9 + 5*t + t**3. Suppose 0 = 5*j - 3 - 7. What is n(j)?
2
Suppose 7 = -5*x + 2*t - 3, -5 = t. Let o be x/6*3 - 5. Let v(c) = 2*c**2 - c - 1. Let k(a) = a**3 + a**2 + 5*a + 12. Let i(m) = -k(m) - 3*v(m). Give i(o).
5
Let l be (385/(-10))/(-7) + 2/(-4). Let d(i) = i - 9. Determine d(l).
-4
Let a be -3 - (3 - (68 - 4)). Let f = a + -62. Let c(j) = -j + 3. What is c(f)?
7
Let p(q) = -10*q**3 + 2*q**2 - 2*q + 1. Suppose 2*r = -5*b + 398, -6*b = -b - 2*r - 382. Let g = b - 77. Determine p(g).
-9
Let k(n) = -3*n - 26. Suppose -2*y = 3*i + 1, 8*y - i = 3*y - 45. What is k(y)?
-2
Let c(d) = 2*d**2 - d + 10. Let y(t) = 5*t**2 - 5*t + 21. Let z(k) = 9*c(k) - 4*y(k). Give z(6).
0
Let f(w) = w**2 + 13*w**2 - 5*w - 7 - 13*w**2 - 3 - 2*w. Calculate f(9).
8
Suppose 0 = 3*t + 4*g - 18, 0*t + 11 = -2*t + 5*g. Let q(z) = -5*z**2 - 3. Let p(y) = -y**3 - 17*y**2 + y - 10. Let n(k) = -2*p(k) + 7*q(k). What is n(t)?
7
Let a(p) = -p**3 + 3*p**2 - 7*p - 3. Let u(s) = s**2 + s + 1. Let m(t) = a(t) + 6*u(t). Determine m(9).
-6
Suppose -k = -3*j, 2*j = -k - 2*j. Let a(d) be the second derivative of 3/2*d**2 + 1/20*d**5 + 0*d**4 + k + 2/3*d**3 + 11*d. Calculate a(-2).
-13
Let j(u) be the third derivative of -u**4/12 - 13*u**3/6 + 22*u**2 - 8*u. What is j(-5)?
-3
Let r(y) = y**2 - 2*y**3 - 1 + 596*y - 596*y. What is r(-1)?
2
Let h(w) be the second derivative of -w**5/60 + 7*w**4/24 - w**3/6 + 8*w**2 - 3*w. Let z(u) be the first derivative of h(u). Calculate z(5).
9
Let q(v) = v**3 - 8*v**2 - 8*v - 7. Let m be q(9). Let y(g) = 1 + g**2 - g**2 + 8*g + g**m. Let j be ((-7)/3)/(1/3). Calculate y(j).
-6
Let v be (-21)/(-14) + 9/(-6). Let y(s) = -s**3 - s**2 - s - 15. Calculate y(v).
-15
Let b = 28 + -22. Suppose 5*m = 5*f - 19 - 6, 0 = -3*f - 4*m - b. Let x(p) be the second derivative of -p**5/20 + p**4/12 - p**3/3 + p**2 - p. Determine x(f).
-6
Suppose 3*a + 17 = -7. Let g(q) = 14*q**3 - 21*q**2 + 7*q - 7. Let k(x) = 5*x**3 - 7*x**2 + 2*x - 2. Let t(d) = -6*g(d) + 17*k(d). What is t(a)?
8
Let g(p) be the third derivative of -p**4/24 + p**3/3 + p**2 - 227*p. Give g(0).
2
Let z(c) = -13*c - 3. Suppose -d - 8*d + 396 = 0. Let i = d - 46. Give z(i).
23
Let p be (-2)/(-7) - (-40)/(-140). Let w be -4 - (-4 + (-1 - p) - -2). Let k(x) = -x + 6*x - 1 + 3*x. Give k(w).
-9
Let l be (-14)/(-4) + 21/42. Let r(f) = -5*f + l + 15*f - 6*f - 7*f. What is r(4)?
-8
Let p(y) be the first derivative of -y**3/3 - y**2/2 + 2*y - 16. Calculate p(-3).
-4
Let z(m) = -1 - m**2 - 48*m + 0*m**2 + 39*m + 5*m + 3*m. Let l be ((-1 + 1)/(-1))/2. Determine z(l).
-1
Let f(t) = 32*t + 89. Let i be f(-3). Let l(b) = b**2 + 8*b + 9. What is l(i)?
2
Suppose 6*q = 2*q + 84. Suppose 3*u = -3*j - q, 5*u - u = -j - 28. Let b(w) = w + 13. What is b(u)?
6
Let a(w) = -5*w - 42. Let d = -73 - -65. Determine a(d).
-2
Suppose 0 = -32*u + 2 - 34. Let f(m) be the third derivative of m**5/12 - m**4/12 - m**3/6 + 2*m**2. What is f(u)?
6
Let w(o) = o**2 - 3*o. Suppose 5*s - v = 5, -2*v + v = s - 1. Let c = s - 0. Suppose -2*p - 3*d - 4 = 1, 4*p + 3*d = -c. What is w(p)?
-2
Suppose -3*q - 15 = -3*x, -4*x + 4 = -2*q - 18. Let g(m) be the third derivative of m**6/120 - 7*m**5/60 + 7*m**4/24 + 2*m**3/3 - m**2 - 16*m. Calculate g(x).
10
Let s(o) = 5*o**3 + 36*o**2 + 9*o - 1. Let n(w) = w**3 + 9*w**2 + 2*w. Let h(t) = 9*n(t) - 2*s(t). Let y be (-2)/(-4)*72/4. Give h(y).
2
Let a(v) be the first derivative of v + 1/3*v**3 - 2 - 7/2*v**2. Give a(8).
9
Suppose 2*t + 2*t = 12. Let p(z) = -z + 7 + 6*z**2 - 7*z**3 + 3*z + 14*z**3 - 6*z**t. Let d(v) = v**2 + 6*v - 6. Let y be d(-6). Give p(y).
-5
Let o = -2 + 4. Let l(w) = w - 12 - 4*w**3 + 11*w**2 + 3*w**3 - 10*w**o + 0*w**2. Calculate l(0).
-12
Suppose -3*p - 6 = -3*w, w - 5*w = 3*p - 8. Let f(l) = l**3 - 2*l**2 - 2*l + 1. Determine f(w).
-3
Let n(p) be the second derivative of p**3/3 - 3*p**2/2 - 13*p. Let b be (2/1)/(2/(-8)). Let l be 4/b - (-10)/(-4). Determine n(l).
-9
Let a(p) = -5. Let d(w) = -w + 29. Let r(b) = -5*a(b) - d(b). Determine r(3).
-1
Let f(k) be the second derivative of k**5/20 - k**4/4 - k**3/3 + k**2/2 - 3*k - 4. Let l = -19 - -27. Let j = -5 + l. What is f(j)?
-5
Let s(z) = z**3 - 8*z**2 + 14*z - 5. Let c be s(6). Let m(h) = h**2 - 6*h + 2. What is m(c)?
9
Let d(u) be the third derivative of -u**4/12 + 27*u**2. What is d(2)?
-4
Suppose 0 = 4*p + 5*r - 44, 4*p + 1 = 2*r + 45. Let f(t) = 6*t + 4. Let q(c) = -17*c - 11.